{"id":1908,"date":"2024-03-18T09:55:53","date_gmt":"2024-03-18T09:55:53","guid":{"rendered":"https:\/\/engagencyclient.com\/lklima\/?post_type=product&#038;p=1908"},"modified":"2024-05-21T14:34:09","modified_gmt":"2024-05-21T14:34:09","slug":"toshiba-polar-35-sort","status":"publish","type":"product","link":"https:\/\/engagencyclient.com\/lklima\/product\/toshiba-polar-35-sort\/","title":{"rendered":"Toshiba Polar 35 Sort"},"content":{"rendered":"","protected":false},"excerpt":{"rendered":"<h3>Veiledende pris: 23 990, v\u00e5r pris: 21 990,-<\/h3>\n<h4>Montering fra: 6 500,-<\/h4>\n<p>Folkefavoritten kommer i to effektst\u00f8rrelser. Her finner du teknisk informasjon for Toshiba Polar 35 sort.<\/p>\n<p>Toshiba Polar har f\u00e5tt en spennende oppgradering. N\u00e5 er modellen ogs\u00e5 tilgjengelig i en elegant, matt sort utgave. Denne tidl\u00f8se fargen, sammen med den slanke st\u00f8rrelsen og designet, gj\u00f8r at Toshiba Polar Sort passer perfekt i b\u00e5de hytter og boliger.<\/p>\n<p>En matchende fjernkontroll f\u00f8lger med s\u00e5 du enkelt kan styre og justere varmepumpen etter behov.<\/p>\n<p>Denne modellen er mer enn kun et estetisk mesterverk. Den er selvsagt like imponerende p\u00e5 str\u00f8msparing som hvit Polar, men den har i tillegg f\u00e5tt noen smarte oppgraderinger; Gled deg over funksjoner som stemmestyring og integrert wifi som tar komforten til nye h\u00f8yder! Med ett tastetrykk p\u00e5 mobilen, kan du enkelt justere temperaturen n\u00e5r du er p\u00e5 farten \u2013 og nyte en deilig temperatur n\u00e5r du kommer frem.<\/p>\n","protected":false},"featured_media":1909,"comment_status":"open","ping_status":"closed","template":"","meta":{"site-sidebar-layout":"default","site-content-layout":"content-boxed-container","ast-site-content-layout":"normal-width-container","site-content-style":"boxed","site-sidebar-style":"unboxed","ast-global-header-display":"","ast-banner-title-visibility":"","ast-main-header-display":"","ast-hfb-above-header-display":"","ast-hfb-below-header-display":"","ast-hfb-mobile-header-display":"","site-post-title":"","ast-breadcrumbs-content":"","ast-featured-img":"","footer-sml-layout":"","ast-disable-related-posts":"","theme-transparent-header-meta":"default","adv-header-id-meta":"","stick-header-meta":"default","header-above-stick-meta":"","header-main-stick-meta":"","header-below-stick-meta":"","astra-migrate-meta-layouts":"set","ast-page-background-enabled":"default","ast-page-background-meta":{"desktop":{"background-color":"var(--ast-global-color-4)","background-image":"","background-repeat":"repeat","background-position":"center center","background-size":"auto","background-attachment":"scroll","background-type":"","background-media":"","overlay-type":"","overlay-color":"","overlay-opacity":"","overlay-gradient":""},"tablet":{"background-color":"","background-image":"","background-repeat":"repeat","background-position":"center center","background-size":"auto","background-attachment":"scroll","background-type":"","background-media":"","overlay-type":"","overlay-color":"","overlay-opacity":"","overlay-gradient":""},"mobile":{"background-color":"","background-image":"","background-repeat":"repeat","background-position":"center center","background-size":"auto","background-attachment":"scroll","background-type":"","background-media":"","overlay-type":"","overlay-color":"","overlay-opacity":"","overlay-gradient":""}},"ast-content-background-meta":{"desktop":{"background-color":"var(--ast-global-color-5)","background-image":"","background-repeat":"repeat","background-position":"center center","background-size":"auto","background-attachment":"scroll","background-type":"","background-media":"","overlay-type":"","overlay-color":"","overlay-opacity":"","overlay-gradient":""},"tablet":{"background-color":"var(--ast-global-color-5)","background-image":"","background-repeat":"repeat","background-position":"center center","background-size":"auto","background-attachment":"scroll","background-type":"","background-media":"","overlay-type":"","overlay-color":"","overlay-opacity":"","overlay-gradient":""},"mobile":{"background-color":"var(--ast-global-color-5)","background-image":"","background-repeat":"repeat","background-position":"center center","background-size":"auto","background-attachment":"scroll","background-type":"","background-media":"","overlay-type":"","overlay-color":"","overlay-opacity":"","overlay-gradient":""}}},"product_brand":[],"product_cat":[34],"product_tag":[],"class_list":{"0":"post-1908","1":"product","2":"type-product","3":"status-publish","4":"has-post-thumbnail","6":"product_cat-toshiba","7":"desktop-align-left","8":"tablet-align-left","9":"mobile-align-left","11":"first","12":"instock","13":"shipping-taxable","14":"purchasable","15":"product-type-simple"},"_links":{"self":[{"href":"https:\/\/engagencyclient.com\/lklima\/wp-json\/wp\/v2\/product\/1908","targetHints":{"allow":["GET"]}}],"collection":[{"href":"https:\/\/engagencyclient.com\/lklima\/wp-json\/wp\/v2\/product"}],"about":[{"href":"https:\/\/engagencyclient.com\/lklima\/wp-json\/wp\/v2\/types\/product"}],"replies":[{"embeddable":true,"href":"https:\/\/engagencyclient.com\/lklima\/wp-json\/wp\/v2\/comments?post=1908"}],"version-history":[{"count":1,"href":"https:\/\/engagencyclient.com\/lklima\/wp-json\/wp\/v2\/product\/1908\/revisions"}],"predecessor-version":[{"id":1910,"href":"https:\/\/engagencyclient.com\/lklima\/wp-json\/wp\/v2\/product\/1908\/revisions\/1910"}],"wp:featuredmedia":[{"embeddable":true,"href":"https:\/\/engagencyclient.com\/lklima\/wp-json\/wp\/v2\/media\/1909"}],"wp:attachment":[{"href":"https:\/\/engagencyclient.com\/lklima\/wp-json\/wp\/v2\/media?parent=1908"}],"wp:term":[{"taxonomy":"product_brand","embeddable":true,"href":"https:\/\/engagencyclient.com\/lklima\/wp-json\/wp\/v2\/product_brand?post=1908"},{"taxonomy":"product_cat","embeddable":true,"href":"https:\/\/engagencyclient.com\/lklima\/wp-json\/wp\/v2\/product_cat?post=1908"},{"taxonomy":"product_tag","embeddable":true,"href":"https:\/\/engagencyclient.com\/lklima\/wp-json\/wp\/v2\/product_tag?post=1908"}],"curies":[{"name":"wp","href":"https:\/\/api.w.org\/{rel}","templated":true}]}}