{"id":1498,"date":"2025-01-21T11:56:54","date_gmt":"2025-01-21T11:56:54","guid":{"rendered":"https:\/\/engagencyclient.com\/nordictacticalsupplies\/?post_type=product&#038;p=1498"},"modified":"2025-06-12T10:42:49","modified_gmt":"2025-06-12T10:42:49","slug":"elite-armor-gr-skuddsikker-vest-til-kvinner","status":"publish","type":"product","link":"https:\/\/engagencyclient.com\/nordictacticalsupplies\/product\/elite-armor-gr-skuddsikker-vest-til-kvinner\/","title":{"rendered":"Elite Armor GR skuddsikker vest til kvinner"},"content":{"rendered":"<p>Elite Armor GR skuddsikker vest til kvinner er utviklet til \u00e5 kunne b\u00e6res anonymt og passer perfekt til \u00e5 ha under kl\u00e6rne. Vesten er designet med sk\u00e5lformet front i Twaron som gir optimal beskyttelse mens brystet ikke generes. Vesten leverer en grad av beskyttelse som er ideell til politi, milit\u00e6r samt vakter. Det er en meget fleksibel og diskret vest, laget av Twaron. Para-armide fiber er brukt til vesten, hvilket er 5 ganger sterkere enn st\u00e5l, og samtidig ytterst fleksibelt og komfortabelt. Elite Armors skuddsikre vester utvikles med stort hensyn til optimal bevegelighet samt beskyttelse, og her l\u00f8ser den para-armide fiberen oppgaven med h\u00f8yest overbevisning. Dette gj\u00f8r GR modellen til en av de beste skuddsikre vester til kvinner. Antallet av lag avgj\u00f8r niv\u00e5et av beskyttelse, som klassifiseres etter US National Institute of Justice NIJ Standard-0101.06. Fronten, siden og baksiden har NIJ level IIIA beskyttelse mot skytev\u00e5pen, hvilket vil si at den stopper et h\u00f8yhastighetsprosjektil. &#8211; 9mm Auto \u2013 vekt 8g \u2013 hastighet 427 m\/s &#8211; 44 Magnum \u2013 vekt 15.55g \u2013 hastighet 427 m\/s Det er mulig \u00e5 ta implantatene ut for \u00e5 vaske coveret. Den skuddsikre vest skal alltid oppbevares t\u00f8rt. Se v\u00e5re videoer og les vestinfo p\u00e5 siden for mer info om v\u00e5r skuddsikre vester. Spesifikasjoner: Elite Armor GR Skuddsikker vest (kvinner) &#8211; Beskyttelsesgrad: NIJ level IIIA &#8211; Ballistisk materiale: Twaron &#8211; Tykkelse implantater: 7mm &#8211; Overflatemateriale: slitesterk bomull\/nylon &#8211; Ventilasjon i vesten for maksimal pusteevne &#8211; Justerbare borrel\u00e5slukninger &#8211; Farge: svart &#8211; Vekt: 1,9-2,4kg. Avhenger av st\u00f8rrelsen. &#8211; St\u00f8rrelser: S \/ M \/ L \/ XL \/ XXL \/ XXXL \/ XXXXL &#8211; Garanti: 5 \u00e5r &#8211; Produsert maksimalt 2 m\u00e5neder f\u00f8r levering<\/p>\n<p><img fetchpriority=\"high\" decoding=\"async\" class=\"aligncenter size-full wp-image-1463\" src=\"https:\/\/engagencyclient.com\/nordictacticalsupplies\/wp-content\/uploads\/2025\/01\/Tabel-eiite-amor-size-no.png\" alt=\"\" width=\"1090\" height=\"384\" srcset=\"https:\/\/engagencyclient.com\/nordictacticalsupplies\/wp-content\/uploads\/2025\/01\/Tabel-eiite-amor-size-no.png 1090w, https:\/\/engagencyclient.com\/nordictacticalsupplies\/wp-content\/uploads\/2025\/01\/Tabel-eiite-amor-size-no-300x106.png 300w, https:\/\/engagencyclient.com\/nordictacticalsupplies\/wp-content\/uploads\/2025\/01\/Tabel-eiite-amor-size-no-1024x361.png 1024w, https:\/\/engagencyclient.com\/nordictacticalsupplies\/wp-content\/uploads\/2025\/01\/Tabel-eiite-amor-size-no-768x271.png 768w, https:\/\/engagencyclient.com\/nordictacticalsupplies\/wp-content\/uploads\/2025\/01\/Tabel-eiite-amor-size-no-600x211.png 600w\" sizes=\"(max-width: 1090px) 100vw, 1090px\" \/><\/p>\n","protected":false},"excerpt":{"rendered":"<p>Denne model er spesielt designet for damer, her er plass til brystet. Dette gj\u00f8r vesten komfortable i lange perioder.<\/p>\n","protected":false},"featured_media":1499,"comment_status":"open","ping_status":"closed","template":"","meta":{"site-sidebar-layout":"default","site-content-layout":"default","ast-site-content-layout":"default","site-content-style":"default","site-sidebar-style":"default","ast-global-header-display":"","ast-banner-title-visibility":"","ast-main-header-display":"","ast-hfb-above-header-display":"","ast-hfb-below-header-display":"","ast-hfb-mobile-header-display":"","site-post-title":"","ast-breadcrumbs-content":"","ast-featured-img":"","footer-sml-layout":"","ast-disable-related-posts":"","theme-transparent-header-meta":"default","adv-header-id-meta":"","stick-header-meta":"default","header-above-stick-meta":"","header-main-stick-meta":"","header-below-stick-meta":"","astra-migrate-meta-layouts":"set","ast-page-background-enabled":"default","ast-page-background-meta":{"desktop":{"background-color":"","background-image":"","background-repeat":"repeat","background-position":"center center","background-size":"auto","background-attachment":"scroll","background-type":"","background-media":"","overlay-type":"","overlay-color":"","overlay-opacity":"","overlay-gradient":""},"tablet":{"background-color":"","background-image":"","background-repeat":"repeat","background-position":"center center","background-size":"auto","background-attachment":"scroll","background-type":"","background-media":"","overlay-type":"","overlay-color":"","overlay-opacity":"","overlay-gradient":""},"mobile":{"background-color":"","background-image":"","background-repeat":"repeat","background-position":"center center","background-size":"auto","background-attachment":"scroll","background-type":"","background-media":"","overlay-type":"","overlay-color":"","overlay-opacity":"","overlay-gradient":""}},"ast-content-background-meta":{"desktop":{"background-color":"var(--ast-global-color-5)","background-image":"","background-repeat":"repeat","background-position":"center center","background-size":"auto","background-attachment":"scroll","background-type":"","background-media":"","overlay-type":"","overlay-color":"","overlay-opacity":"","overlay-gradient":""},"tablet":{"background-color":"var(--ast-global-color-5)","background-image":"","background-repeat":"repeat","background-position":"center center","background-size":"auto","background-attachment":"scroll","background-type":"","background-media":"","overlay-type":"","overlay-color":"","overlay-opacity":"","overlay-gradient":""},"mobile":{"background-color":"var(--ast-global-color-5)","background-image":"","background-repeat":"repeat","background-position":"center center","background-size":"auto","background-attachment":"scroll","background-type":"","background-media":"","overlay-type":"","overlay-color":"","overlay-opacity":"","overlay-gradient":""}}},"product_brand":[],"product_cat":[24],"product_tag":[46],"class_list":{"0":"post-1498","1":"product","2":"type-product","3":"status-publish","4":"has-post-thumbnail","6":"product_cat-skuddsikre-vester","7":"product_tag-skudsikker-stikkbeskyttende-vest","8":"desktop-align-left","9":"tablet-align-left","10":"mobile-align-left","11":"ast-product-gallery-layout-horizontal-slider","12":"ast-product-gallery-with-no-image","13":"ast-product-tabs-layout-horizontal","14":"ast-qv-on-image","16":"first","17":"instock","18":"shipping-taxable","19":"purchasable","20":"product-type-simple"},"_links":{"self":[{"href":"https:\/\/engagencyclient.com\/nordictacticalsupplies\/wp-json\/wp\/v2\/product\/1498","targetHints":{"allow":["GET"]}}],"collection":[{"href":"https:\/\/engagencyclient.com\/nordictacticalsupplies\/wp-json\/wp\/v2\/product"}],"about":[{"href":"https:\/\/engagencyclient.com\/nordictacticalsupplies\/wp-json\/wp\/v2\/types\/product"}],"replies":[{"embeddable":true,"href":"https:\/\/engagencyclient.com\/nordictacticalsupplies\/wp-json\/wp\/v2\/comments?post=1498"}],"wp:featuredmedia":[{"embeddable":true,"href":"https:\/\/engagencyclient.com\/nordictacticalsupplies\/wp-json\/wp\/v2\/media\/1499"}],"wp:attachment":[{"href":"https:\/\/engagencyclient.com\/nordictacticalsupplies\/wp-json\/wp\/v2\/media?parent=1498"}],"wp:term":[{"taxonomy":"product_brand","embeddable":true,"href":"https:\/\/engagencyclient.com\/nordictacticalsupplies\/wp-json\/wp\/v2\/product_brand?post=1498"},{"taxonomy":"product_cat","embeddable":true,"href":"https:\/\/engagencyclient.com\/nordictacticalsupplies\/wp-json\/wp\/v2\/product_cat?post=1498"},{"taxonomy":"product_tag","embeddable":true,"href":"https:\/\/engagencyclient.com\/nordictacticalsupplies\/wp-json\/wp\/v2\/product_tag?post=1498"}],"curies":[{"name":"wp","href":"https:\/\/api.w.org\/{rel}","templated":true}]}}