{"id":1950,"date":"2025-02-20T13:47:15","date_gmt":"2025-02-20T13:47:15","guid":{"rendered":"https:\/\/engagencyclient.com\/nordictacticalsupplies\/?post_type=product&#038;p=1950"},"modified":"2025-06-12T12:14:40","modified_gmt":"2025-06-12T12:14:40","slug":"mechanix-leather-needlestick-law-enforcement","status":"publish","type":"product","link":"https:\/\/engagencyclient.com\/nordictacticalsupplies\/product\/mechanix-leather-needlestick-law-enforcement\/","title":{"rendered":"Mechanix Leather Needlestick Law Enforcement"},"content":{"rendered":"<p>Egenskaper:<\/p>\n<ul>\n<li>Slitesterkt Durahide\u2122 FR geiteskinn gir forbedret holdbarhet, grep, fingerferdighet og komfort.<\/li>\n<li>ArmorCore\u2122-teknologi dekker hele h\u00e5ndflaten og ruller over fingertuppene, og gir ASTM F2878 niv\u00e5 2 beskyttelse mot n\u00e5lestikk.<\/li>\n<li>360\u00b0 kuttbeskyttende liner gj\u00f8r hansken ANSI A7-sertifisert.<\/li>\n<li>Varmepresset tekstur p\u00e5 fingertupper og h\u00e5ndflate gir forbedret grep.<\/li>\n<li>Justerbar borrel\u00e5slukking sikrer god passform og reduserer risiko for at hansken hekter seg fast ved v\u00e5penh\u00e5ndtering.<\/li>\n<li>Lavprofil mansjett gir optimal bevegelighet i h\u00e5ndleddet og passer godt med klokker.<\/li>\n<li>AX G-Series forsterkning i h\u00e5ndflaten gir \u00f8kt slitestyrke og eksepsjonelt grep p\u00e5 verkt\u00f8y og v\u00e5pen.<\/li>\n<li>Sydd med Kevlar\u00ae-tr\u00e5d for ekstra styrke.<\/li>\n<li>Ber\u00f8ringsskjermkompatibel.<\/li>\n<\/ul>\n","protected":false},"excerpt":{"rendered":"<h3>Kommer inn snart<\/h3>\n<p>Mechanix Wear Durahide\u2122 Leather Needlestick hansker for lovh\u00e5ndhevelse gir essensiell beskyttelse mot spr\u00f8ytespisser, kniver og andre skarpe trusler som politibetjenter, SWAT-enheter og fengselsbetjenter kan m\u00f8te i tjenesten. Vi har integrert Durahide\u2122 FR geiteskinn, ArmorCore\u2122 n\u00e5lestikkresistent teknologi og en 360\u00b0 kuttbeskyttende liner for \u00e5 sikre optimal beskyttelse mot n\u00e5lestikk, kutt og punkteringer. I tillegg har hanskene varmepressede grepsoverlegg p\u00e5 fingrene og h\u00e5ndflaten for forbedret slitestyrke, grep og komfort i arbeidssituasjoner.<\/p>\n","protected":false},"featured_media":1958,"comment_status":"open","ping_status":"closed","template":"","meta":{"site-sidebar-layout":"default","site-content-layout":"","ast-site-content-layout":"default","site-content-style":"default","site-sidebar-style":"default","ast-global-header-display":"","ast-banner-title-visibility":"","ast-main-header-display":"","ast-hfb-above-header-display":"","ast-hfb-below-header-display":"","ast-hfb-mobile-header-display":"","site-post-title":"","ast-breadcrumbs-content":"","ast-featured-img":"","footer-sml-layout":"","ast-disable-related-posts":"","theme-transparent-header-meta":"default","adv-header-id-meta":"","stick-header-meta":"default","header-above-stick-meta":"","header-main-stick-meta":"","header-below-stick-meta":"","astra-migrate-meta-layouts":"set","ast-page-background-enabled":"default","ast-page-background-meta":{"desktop":{"background-color":"","background-image":"","background-repeat":"repeat","background-position":"center center","background-size":"auto","background-attachment":"scroll","background-type":"","background-media":"","overlay-type":"","overlay-color":"","overlay-opacity":"","overlay-gradient":""},"tablet":{"background-color":"","background-image":"","background-repeat":"repeat","background-position":"center center","background-size":"auto","background-attachment":"scroll","background-type":"","background-media":"","overlay-type":"","overlay-color":"","overlay-opacity":"","overlay-gradient":""},"mobile":{"background-color":"","background-image":"","background-repeat":"repeat","background-position":"center center","background-size":"auto","background-attachment":"scroll","background-type":"","background-media":"","overlay-type":"","overlay-color":"","overlay-opacity":"","overlay-gradient":""}},"ast-content-background-meta":{"desktop":{"background-color":"var(--ast-global-color-5)","background-image":"","background-repeat":"repeat","background-position":"center center","background-size":"auto","background-attachment":"scroll","background-type":"","background-media":"","overlay-type":"","overlay-color":"","overlay-opacity":"","overlay-gradient":""},"tablet":{"background-color":"var(--ast-global-color-5)","background-image":"","background-repeat":"repeat","background-position":"center center","background-size":"auto","background-attachment":"scroll","background-type":"","background-media":"","overlay-type":"","overlay-color":"","overlay-opacity":"","overlay-gradient":""},"mobile":{"background-color":"var(--ast-global-color-5)","background-image":"","background-repeat":"repeat","background-position":"center center","background-size":"auto","background-attachment":"scroll","background-type":"","background-media":"","overlay-type":"","overlay-color":"","overlay-opacity":"","overlay-gradient":""}}},"product_brand":[],"product_cat":[38,48],"product_tag":[],"class_list":{"0":"post-1950","1":"product","2":"type-product","3":"status-publish","4":"has-post-thumbnail","6":"product_cat-klaer","7":"product_cat-snitsikre-handsker","8":"desktop-align-left","9":"tablet-align-left","10":"mobile-align-left","11":"ast-product-gallery-layout-horizontal-slider","12":"ast-product-single-variable","13":"ast-product-tabs-layout-horizontal","14":"ast-qv-on-image","16":"first","17":"outofstock","18":"shipping-taxable","19":"product-type-variable"},"_links":{"self":[{"href":"https:\/\/engagencyclient.com\/nordictacticalsupplies\/wp-json\/wp\/v2\/product\/1950","targetHints":{"allow":["GET"]}}],"collection":[{"href":"https:\/\/engagencyclient.com\/nordictacticalsupplies\/wp-json\/wp\/v2\/product"}],"about":[{"href":"https:\/\/engagencyclient.com\/nordictacticalsupplies\/wp-json\/wp\/v2\/types\/product"}],"replies":[{"embeddable":true,"href":"https:\/\/engagencyclient.com\/nordictacticalsupplies\/wp-json\/wp\/v2\/comments?post=1950"}],"wp:featuredmedia":[{"embeddable":true,"href":"https:\/\/engagencyclient.com\/nordictacticalsupplies\/wp-json\/wp\/v2\/media\/1958"}],"wp:attachment":[{"href":"https:\/\/engagencyclient.com\/nordictacticalsupplies\/wp-json\/wp\/v2\/media?parent=1950"}],"wp:term":[{"taxonomy":"product_brand","embeddable":true,"href":"https:\/\/engagencyclient.com\/nordictacticalsupplies\/wp-json\/wp\/v2\/product_brand?post=1950"},{"taxonomy":"product_cat","embeddable":true,"href":"https:\/\/engagencyclient.com\/nordictacticalsupplies\/wp-json\/wp\/v2\/product_cat?post=1950"},{"taxonomy":"product_tag","embeddable":true,"href":"https:\/\/engagencyclient.com\/nordictacticalsupplies\/wp-json\/wp\/v2\/product_tag?post=1950"}],"curies":[{"name":"wp","href":"https:\/\/api.w.org\/{rel}","templated":true}]}}