{"id":2157,"date":"2025-02-26T12:33:01","date_gmt":"2025-02-26T12:33:01","guid":{"rendered":"https:\/\/engagencyclient.com\/nordictacticalsupplies\/?post_type=product&#038;p=2157"},"modified":"2025-06-12T12:09:10","modified_gmt":"2025-06-12T12:09:10","slug":"salomon-speed-assault-2-gtx","status":"publish","type":"product","link":"https:\/\/engagencyclient.com\/nordictacticalsupplies\/product\/salomon-speed-assault-2-gtx\/","title":{"rendered":"Salomon SPEED ASSAULT 2 GTX"},"content":{"rendered":"<p>Om SPEED ASSAULT 2 GTX skulle oppsummeres med f\u00e5 ord, ville det v\u00e6re ekstremt lettvektig, usedvanlig rask og meget fleksibel for feltbruk. Fra oppdrag i \u00f8rkenen til trening i jungelen eller operasjoner i v\u00e5tt terreng, presterer SPEED ASSAULT 2 GTX utmerket under alle forhold med sin vekt p\u00e5 kun 330 gram. Den nye og forbedrede versjonen har fokus p\u00e5 en forbedret passform over fotens \u00f8vre del og p\u00e5 design.<\/p>\n<p>St\u00f8velens lave vekt er oppn\u00e5dd gjennom bruk av teknologier fra Salomons terrengl\u00f8pesko, med fokus p\u00e5 ytelse, holdbarhet, fleksibilitet og smidighet. Overmaterialet er en kombinasjon av ripstop-stoff, anti-rusknett og TPU-materialer. Den integrerte GORE-TEX\u00ae membranen sikrer at st\u00f8velen er tilpasset alle v\u00e6rforhold. Det sveisede SensiFitTM-systemet omslutter foten fra melloms\u00e5len til Quicklace\u2122 hurtigsn\u00f8ringssystemet, noe som gir en sikker, n\u00f8yaktig og nesten skreddersydd passform.<\/p>\n<p>EnergyCell-materialet s\u00f8rger for optimal demping og ytelse i s\u00e5len. Det komprimerte EVA-dempematerialet gir forbedret sjokkabsorbering sammen med bedre sprett, mens Contagrip\u00ae TA-ytters\u00e5len med Chevron-m\u00f8nstrede knotter garanterer utmerket grep p\u00e5 varierte underlag. En OrthoLite\u00ae-inners\u00e5le bidrar til en komfortabel passform og ytterligere demping, mens perforeringene i s\u00e5len fremmer et godt klima for f\u00f8ttene.<\/p>\n<p>Dette er det perfekte valget for den som \u00f8nsker \u00e5 unng\u00e5 tungt fott\u00f8y og foretrekker en moderne, lett st\u00f8vel for \u00e5 bevege seg smidig i terrenget.<\/p>\n","protected":false},"excerpt":{"rendered":"<p>Om SPEED ASSAULT 2 GTX skulle oppsummeres med f\u00e5 ord, ville det v\u00e6re ekstremt lettvektig, usedvanlig rask og meget fleksibel for feltbruk. Fra oppdrag i \u00f8rkenen til trening i jungelen eller operasjoner i v\u00e5tt terreng, presterer SPEED ASSAULT 2 GTX utmerket under alle forhold med sin vekt p\u00e5 kun 330 gram. Den nye og forbedrede versjonen har fokus p\u00e5 en forbedret passform over fotens \u00f8vre del og p\u00e5 design.<\/p>\n","protected":false},"featured_media":2265,"comment_status":"open","ping_status":"closed","template":"","meta":{"site-sidebar-layout":"default","site-content-layout":"","ast-site-content-layout":"default","site-content-style":"default","site-sidebar-style":"default","ast-global-header-display":"","ast-banner-title-visibility":"","ast-main-header-display":"","ast-hfb-above-header-display":"","ast-hfb-below-header-display":"","ast-hfb-mobile-header-display":"","site-post-title":"","ast-breadcrumbs-content":"","ast-featured-img":"","footer-sml-layout":"","ast-disable-related-posts":"","theme-transparent-header-meta":"default","adv-header-id-meta":"","stick-header-meta":"default","header-above-stick-meta":"","header-main-stick-meta":"","header-below-stick-meta":"","astra-migrate-meta-layouts":"set","ast-page-background-enabled":"default","ast-page-background-meta":{"desktop":{"background-color":"","background-image":"","background-repeat":"repeat","background-position":"center center","background-size":"auto","background-attachment":"scroll","background-type":"","background-media":"","overlay-type":"","overlay-color":"","overlay-opacity":"","overlay-gradient":""},"tablet":{"background-color":"","background-image":"","background-repeat":"repeat","background-position":"center center","background-size":"auto","background-attachment":"scroll","background-type":"","background-media":"","overlay-type":"","overlay-color":"","overlay-opacity":"","overlay-gradient":""},"mobile":{"background-color":"","background-image":"","background-repeat":"repeat","background-position":"center center","background-size":"auto","background-attachment":"scroll","background-type":"","background-media":"","overlay-type":"","overlay-color":"","overlay-opacity":"","overlay-gradient":""}},"ast-content-background-meta":{"desktop":{"background-color":"var(--ast-global-color-5)","background-image":"","background-repeat":"repeat","background-position":"center center","background-size":"auto","background-attachment":"scroll","background-type":"","background-media":"","overlay-type":"","overlay-color":"","overlay-opacity":"","overlay-gradient":""},"tablet":{"background-color":"var(--ast-global-color-5)","background-image":"","background-repeat":"repeat","background-position":"center center","background-size":"auto","background-attachment":"scroll","background-type":"","background-media":"","overlay-type":"","overlay-color":"","overlay-opacity":"","overlay-gradient":""},"mobile":{"background-color":"var(--ast-global-color-5)","background-image":"","background-repeat":"repeat","background-position":"center center","background-size":"auto","background-attachment":"scroll","background-type":"","background-media":"","overlay-type":"","overlay-color":"","overlay-opacity":"","overlay-gradient":""}}},"product_brand":[],"product_cat":[38,53],"product_tag":[],"class_list":{"0":"post-2157","1":"product","2":"type-product","3":"status-publish","4":"has-post-thumbnail","6":"product_cat-klaer","7":"product_cat-sko","8":"desktop-align-left","9":"tablet-align-left","10":"mobile-align-left","11":"ast-product-gallery-layout-horizontal-slider","12":"ast-product-gallery-with-no-image","13":"ast-product-single-variable","14":"ast-product-tabs-layout-horizontal","15":"ast-qv-on-image","17":"first","18":"outofstock","19":"shipping-taxable","20":"purchasable","21":"product-type-variable"},"_links":{"self":[{"href":"https:\/\/engagencyclient.com\/nordictacticalsupplies\/wp-json\/wp\/v2\/product\/2157","targetHints":{"allow":["GET"]}}],"collection":[{"href":"https:\/\/engagencyclient.com\/nordictacticalsupplies\/wp-json\/wp\/v2\/product"}],"about":[{"href":"https:\/\/engagencyclient.com\/nordictacticalsupplies\/wp-json\/wp\/v2\/types\/product"}],"replies":[{"embeddable":true,"href":"https:\/\/engagencyclient.com\/nordictacticalsupplies\/wp-json\/wp\/v2\/comments?post=2157"}],"wp:featuredmedia":[{"embeddable":true,"href":"https:\/\/engagencyclient.com\/nordictacticalsupplies\/wp-json\/wp\/v2\/media\/2265"}],"wp:attachment":[{"href":"https:\/\/engagencyclient.com\/nordictacticalsupplies\/wp-json\/wp\/v2\/media?parent=2157"}],"wp:term":[{"taxonomy":"product_brand","embeddable":true,"href":"https:\/\/engagencyclient.com\/nordictacticalsupplies\/wp-json\/wp\/v2\/product_brand?post=2157"},{"taxonomy":"product_cat","embeddable":true,"href":"https:\/\/engagencyclient.com\/nordictacticalsupplies\/wp-json\/wp\/v2\/product_cat?post=2157"},{"taxonomy":"product_tag","embeddable":true,"href":"https:\/\/engagencyclient.com\/nordictacticalsupplies\/wp-json\/wp\/v2\/product_tag?post=2157"}],"curies":[{"name":"wp","href":"https:\/\/api.w.org\/{rel}","templated":true}]}}